e
Let b(u) = 133*u + 1. Let j(r) be the first derivative of -r**3/3 - 5*r**2 - 15*r + 17. Let g be j(-8). Is b(g) a composite number?
True
Let a(h) = -3*h**2 + 2 + 8 - 3 + h**3 - 4*h + 4*h**2. Let l be a(3). Suppose 35*y = l*y + 276. Is y composite?
True
Let q = 102 - 105. Let t(n) = -25*n**3 - 9*n - 1. Is t(q) a composite number?
False
Let s(i) be the first derivative of 3*i**4 + 4*i**3/3 - 2*i**2 + 3*i - 11. Let d be s(2). Let n = 24 + d. Is n prime?
True
Let o(r) = r**2 - 15*r. Let d be o(15). Suppose 2*v + v = -d*v. Suppose v*i - 139 = -i. Is i a prime number?
True
Let u be (-3)/(-6)*-5*2 + 10. Suppose -3*o - 27736 = -5*q, q - u*q + 22193 = -o. Is q a prime number?
False
Let t(a) = -6332*a**3 + 7*a**2 + 26*a + 44. Is t(-3) composite?
True
Let q(f) = -25*f**2 + f**3 - 14*f + 31 + 6*f + 2*f + 30*f. Is q(24) a prime number?
True
Is (14343*(-42)/(-45))/(8/1120) - -7 a prime number?
False
Is 6550*(-33)/(-22) + -12 a composite number?
True
Let f be 16/(-24) + 142/6. Suppose 0 = f*u - 21*u - 12422. Is u prime?
True
Let k = 128404 - 63698. Is k a composite number?
True
Let f(q) = 1665*q**2 - 7*q - 18. Let g be f(-3). Let u = g + -8204. Let t = 9897 - u. Is t a prime number?
False
Let j = 3092 + 39341. Is j a composite number?
False
Let t(l) = -3*l**2 + l - 8. Let o(x) = 2*x**2 - x + 9. Let a(m) = 4*o(m) + 3*t(m). Let d be a(-5). Is ((-223)/3)/(d/(21 + 3)) a composite number?
False
Suppose -4*i = -2685 + 15269. Let v = i + 12789. Is v a composite number?
False
Let z be (45/(-6))/(9/(-2) - -3). Let x(k) = 34*k**3 + 12*k**2 - 29*k + 12. Is x(z) a prime number?
False
Let g be (-4)/6 - (29/(-3) + 2). Let l be g - (2 - (-4 + 2)). Is ((-4052)/l)/(-4) - 2/3 prime?
True
Suppose -11 = -6*d + 7. Suppose 3*a - g - 7 = -1, 6 = d*a + 4*g. Suppose 0 = a*o - o - 307. Is o composite?
False
Suppose 22*o - 26*o = -5*h + 277915, -4*o = 4*h - 222296. Is h prime?
True
Let k = -72 + 76. Let i = 8 - k. Suppose -4*a - c = i*c - 13499, -5*a + 3*c = -16846. Is a a prime number?
True
Suppose 0 = 3*d - 0*c - 2*c - 1047879, -c + 1746452 = 5*d. Is d prime?
True
Suppose 112 = 4*r - 2*s - 2*s, -5*r + 4*s + 140 = 0. Is 42/r*(-13796)/(-6) a composite number?
False
Let f = 100 - 113. Is 40900 + 0 - (f - -18) composite?
True
Suppose -5*o + 3*d + 28789 = -d, -5*o + 5*d + 28785 = 0. Is o a prime number?
False
Let h be (-84)/(-8)*4/(-6). Is 186/(-15)*(2 + h) a composite number?
True
Suppose 3*b + b - 5360 = 5*a, b - 1340 = a. Let y(k) = 4*k**2 + k - 1. Let l be y(1). Suppose 2*v - f = 2683, -5*f + l*f - b = -v. Is v composite?
True
Suppose -3*j + 7*l + 173670 = 4*l, 0 = -2*j - 5*l + 115815. Is j a prime number?
False
Let i(a) = -8*a**2 + 21*a - 7. Let z(u) = 9*u**2 - 22*u + 6. Let b(y) = -7*i(y) - 6*z(y). Suppose 0 = -23*l - 173 + 357. Is b(l) a prime number?
False
Suppose 21*k - 32*k - 5995 = 0. Let o = k + 2458. Is o a composite number?
False
Let r(t) = 340*t**2 - 16*t + 123. Let f be r(7). Is f*(8/(-3) - -3) prime?
True
Let m be (-5)/(-3 - -8) + (-3)/(-3). Suppose m = -7*s - 102 + 620. Suppose 5*p = -5*q + 145, -2*p - s = -2*q - 0*p. Is q composite?
True
Let r = 47410 - 28571. Is r prime?
True
Suppose 0 = -2*p - 4*i + 401550, 2*i - 571331 = -5*p + 432528. Is p composite?
False
Let y be (-1 - (-6 + 6)) + 5. Suppose 6785 = 5*z - 4*s, -3*s = -y*z - 4*s + 5449. Is z a composite number?
False
Suppose -5*d = -p - 1288, 0 = -2*d + d + p + 256. Suppose 3*r + d = 1278. Let i = 563 - r. Is i a prime number?
True
Let t(x) be the third derivative of 11*x**5/15 - x**3/6 + 301*x**2. Let z be 2*(-2)/4*-1. Is t(z) a composite number?
False
Let o = 164201 - 107440. Is o composite?
True
Let g = -13136 - -326217. Is g a prime number?
True
Let h be -8 - -14 - -5 - (8 + 0). Suppose -5*n = -2*n - 9. Suppose h*f - 1896 = -3*q, 2*q - n*f - 1259 = -0*f. Is q composite?
False
Let p(a) = -47*a**3 - 16*a**2 - a + 12. Let b be p(4). Let t = b - -6887. Is t composite?
False
Suppose p + 50 = 6*p. Suppose 9*f = 4*f + 5*w - 10, 4*f = -5*w + p. Suppose f*r - 1791 = -4*r + l, -l = r - 454. Is r prime?
True
Let p = 49 - 51. Let z(k) = k**2 - 1. Let o(c) = 26*c**2 - c + 3. Let t(x) = o(x) + 6*z(x). Is t(p) a composite number?
False
Suppose 2*r + 10 = -3*v + 25, 0 = -4*r - 4*v + 32. Suppose 0*g - 4*g + 4*q = 2672, -5*g + 3*q = 3342. Is ((r - 10) + 2/(-3))*g a composite number?
True
Suppose 3*c + 24 = 3*v, 2*v - 2*c = -v + 24. Suppose -47170 = v*j - 18*j. Is j a prime number?
False
Let y(c) = -c**2 + 7*c + 6. Let u be y(0). Suppose 0 = u*p - 0*p - 4422. Suppose 5*n + p + 359 = g, 4*g = -3*n + 4315. Is g a prime number?
False
Suppose 20768 + 8518 = -9*b. Let l = -1597 - b. Is l composite?
False
Let y = 4 - -1. Suppose -y*q + 10 = w - 5*w, 0 = 2*w. Suppose 5*d - q*o - 1339 = 0, -d + 243 + 17 = -3*o. Is d composite?
False
Suppose -2*c + 48*c - 30587654 = -0*c. Is c composite?
False
Suppose -4*c + 4*k + 3 + 1 = 0, -17 = -5*c + k. Suppose 3*v = -5*a + 223 + 938, c*v = a + 1571. Let q = v - 213. Is q a prime number?
True
Let t be (6/18)/(11/775797). Let o = t - -3670. Is o composite?
False
Let c = 1023549 + -588872. Is c a prime number?
False
Suppose 5*d = -99 - 16. Let t = -9 - -53. Let f = t - d. Is f prime?
True
Is (-1)/((-1438506)/359618 - -2*(-2)/(-1)) a composite number?
True
Is 49893 - 7/(-1)*8*7/(-98) prime?
False
Let r(c) = -1795*c + 69. Suppose -12 = -5*j - 22. Is r(j) a composite number?
False
Suppose 0*x - 3*h - 54 = 2*x, -2*x + 5*h = 22. Is 527598/126 - (-6)/x a prime number?
False
Let m(k) = -2*k**3 + 6*k**2 + 12*k + 1. Let c be m(-2). Suppose 0 = -c*z + 100434 - 3772. Is z composite?
True
Suppose -44*l = -48*l + 92. Let v be (-3 - (-6)/(-6)) + l. Let u(j) = 2*j**2 - 6*j + 21. Is u(v) prime?
False
Let t be -3 - (14 - (6 + -4)). Let q be 148/t - (2/15)/1. Let n(c) = -c**3 - 6*c**2 + 2*c + 1. Is n(q) a prime number?
False
Let j(i) = -2*i**3 - 10*i**2 + 3*i + 5. Let z be 9 + (4 - 7)/1. Let p(x) = x**2 - 8*x + 6. Let m be p(z). Is j(m) a composite number?
False
Suppose 3*w - 24 = -5*g + 21, 0 = -3*w + 4*g + 18. Suppose -w*o - 12 = -13*o. Suppose -3*x = 4*q - 3842 - 3543, -3*x + o*q + 7345 = 0. Is x prime?
False
Suppose -3*u - 2*v = -2567, u - 617 = -v + 237. Let r be (-7)/(7/576) + 4. Let o = u + r. Is o a composite number?
True
Let h = 49 - 44. Suppose 5*d - 35 = -2*q - 3*q, h*q = -3*d + 31. Let s(a) = 44*a**2 - 4*a + 2. Is s(q) prime?
False
Let t(k) = 22074*k + 2687. Is t(4) a composite number?
True
Is (-72442)/(-2)*(-7 - -8) a prime number?
False
Suppose 77353191 = -75*s + 741*s - 68200443. Is s prime?
True
Suppose -1169012 = -28*w + 339656. Is w prime?
True
Let m(c) = 255*c**3 - 15*c**2 + 43*c - 8. Is m(9) prime?
False
Is (51930 + 1 + 12)*1 prime?
False
Suppose -9*k + 8*k + 3 = 0. Let c = k - -290. Is c a prime number?
True
Let t(i) = -16338*i - 6907. Is t(-6) prime?
True
Let k = -31 + 25. Let u(d) = -99*d - 25. Let r(s) = -199*s - 50. Let n(x) = 3*r(x) - 5*u(x). Is n(k) prime?
True
Suppose 2*k + 8*k - 202198 = 1018792. Is k composite?
False
Let x be (-2)/(-6) + 24/90*10. Suppose 3*a - 6*b + 3*b + 7683 = 0, -x*b = 2*a + 5097. Let o = 5297 + a. Is o composite?
False
Let y(h) = -h**3 - 14*h**2 + 41*h + 563. Is y(-66) composite?
True
Suppose -6*q - 15937 + 45499 = 0. Is q composite?
True
Let d(h) = 216*h**2 - 46*h + 227. Is d(61) prime?
False
Suppose 2 = -2*y, -9*y + 5 = -3*i - 14*y. Suppose 5*a = 6*a - 2*f - 2777, -2*f - 6 = i. Is a a prime number?
False
Let q(p) = -16*p + 161. Let c be q(-9). Let m be (-6)/(-21) - 822/(-14). Suppose 3*o - c = -m. Is o a composite number?
True
Let d = -122963 - -826950. Is d a composite number?
True
Let z = 44 + -32. Let l(c) = 41*c - 39. Let t(o) = o + 1. Let a(i) = l(i) + 2*t(i). Is a(z) a prime number?
True
Let y(t) = -2*t**3 - 130*t**2 - 400*t + 211. Is y(-96) a prime number?
False
Suppose 0*m + 4*m = 5*h - 36, -3*h - 2*m + 4 = 0. Let t be ((4 - h) + -1448)*-6. Suppose -3*b + 3*n + t = 0, 3*b + 3434 = -5*n + 12146. Is b a composite number?
True
Let o be 1 - (-9 + 3) - 1. Let g(t) = -4*t**3 + 13 + 7*t + t**2 + 2*t**3 - 2*t**2 - o*t**2. Is g(-7) a composite number?
False
Suppose 0 = 15*p - 14*p - 3383. Suppose 6792 = 2*x + 5*b, 2*x = x + 4*b + p. Is x composite?
False
Suppose 13*a = -10 + 75. Is (5/a - 2610)/(-1) composite?
False
Let z be 10 - 126750/54 - 4/(-18). Let l = z -